{"id":1648,"date":"2017-07-08T06:22:27","date_gmt":"2017-07-08T05:22:27","guid":{"rendered":"http:\/\/pugsada.org\/wordpress\/?page_id=1648"},"modified":"2017-07-14T00:30:23","modified_gmt":"2017-07-13T23:30:23","slug":"sante-sexuelle-reproductive","status":"publish","type":"page","link":"https:\/\/pugsada.org\/wordpress\/sante-sexuelle-reproductive\/","title":{"rendered":"Sant\u00e9 sexuelle et reproductive"},"content":{"rendered":"<p align=\"justify\">L\u2019ADEP intervient dans la formation modulaire sur la th\u00e9matique de la Sant\u00e9 Sexuelle et reproductive des jeunes et adolescents\/adolescentes, les droits et devoirs des jeunes filles, les violences faites aux femmes et aux filles, etc. Ces formations sont adress\u00e9es aux jeunes filles et gar\u00e7ons, aux acteurs\/actrices de l\u2019\u00e9ducation et aux parents. Toute la communaut\u00e9 qui constitue l\u2019entourage de la jeune fille est aussi sensibilis\u00e9 sur la th\u00e9matique \u00e0 travers les causeries \u00e9ducatives, les conf\u00e9rences d\u00e9bats, les th\u00e9\u00e2tres fora, les projections de films, les \u00e9missions radiophoniques, etc.<\/p>\n<p align=\"justify\">Le counseling est une action permanente d\u2019\u00e9coute, d\u2019appui-conseil et d\u2019accompagnement des filles en difficult\u00e9s. Il s\u2019agit de conflits plus ou moins profonds entre parents et filles cons\u00e9cutifs \u00e0 des actes jug\u00e9s antisociaux. Le conflit peut \u00e9galement concerner les filles soit avec les \u00e9ducateurs, soit avec les jeunes gar\u00e7ons et les hommes. L\u2019origine de ces conflits sont: les grossesses non d\u00e9sir\u00e9es suivies de refus de paternit\u00e9 ou d\u2019exclusion familiale et sociale de la fille, les dons de mariage, les fugues, etc.<\/p>\n<p align=\"justify\">Pour la r\u00e9alisation de cette action, l\u2019ADEP dispose d\u2019une cellule d\u2019\u00e9coute o\u00f9 elle re\u00e7oit les victimes. Pour les filles victimes d\u2019exclusion familiale, certaines situations n\u00e9cessitent une prise en charge et des soins d\u2019urgence. Dans ce cas, la victime est r\u00e9f\u00e9r\u00e9e dans un centre d\u2019accueil qui entretient un partenariat avec l\u2019ADEP. En collaboration avec le centre d\u2019accueil, des actions de prise en charge et de m\u00e9diation sont entreprises aupr\u00e8s des parents pour la r\u00e9int\u00e9gration familiale et la r\u00e9insertion sociale de la fille. Certaines situations n\u00e9cessitent un accompagnement aupr\u00e8s des instances judiciaires.<\/p>\n<p align=\"justify\">Nos actions en mati\u00e8re de sant\u00e9 sexuelle et reproductive<\/p>\n<div align=\"justify\"><strong>\u2022 Formation et sensibilisation sur la sant\u00e9, la SR\/PF<\/strong><\/div>\n<div align=\"justify\"><strong>\u2022 Counseling \u00e0 travers l\u2019accompagnement, la prise en charge psychosociale, juridique et sanitaire des jeunes filles victimes de violences li\u00e9es aux droits sexuels et reproductifs<\/strong><\/div>\n","protected":false},"excerpt":{"rendered":"<p>L\u2019ADEP intervient dans la formation modulaire sur la th\u00e9matique de la Sant\u00e9 Sexuelle et reproductive des jeunes et adolescents\/adolescentes, les droits et devoirs des jeunes filles, les violences faites aux femmes et aux filles, etc. Ces formations sont adress\u00e9es aux jeunes filles et gar\u00e7ons, aux acteurs\/actrices de l\u2019\u00e9ducation et aux parents. Toute la communaut\u00e9 qui [&hellip;]<\/p>\n","protected":false},"author":1,"featured_media":0,"parent":0,"menu_order":0,"comment_status":"closed","ping_status":"closed","template":"","meta":[],"_links":{"self":[{"href":"https:\/\/pugsada.org\/wordpress\/wp-json\/wp\/v2\/pages\/1648"}],"collection":[{"href":"https:\/\/pugsada.org\/wordpress\/wp-json\/wp\/v2\/pages"}],"about":[{"href":"https:\/\/pugsada.org\/wordpress\/wp-json\/wp\/v2\/types\/page"}],"author":[{"embeddable":true,"href":"https:\/\/pugsada.org\/wordpress\/wp-json\/wp\/v2\/users\/1"}],"replies":[{"embeddable":true,"href":"https:\/\/pugsada.org\/wordpress\/wp-json\/wp\/v2\/comments?post=1648"}],"version-history":[{"count":3,"href":"https:\/\/pugsada.org\/wordpress\/wp-json\/wp\/v2\/pages\/1648\/revisions"}],"predecessor-version":[{"id":1756,"href":"https:\/\/pugsada.org\/wordpress\/wp-json\/wp\/v2\/pages\/1648\/revisions\/1756"}],"wp:attachment":[{"href":"https:\/\/pugsada.org\/wordpress\/wp-json\/wp\/v2\/media?parent=1648"}],"curies":[{"name":"wp","href":"https:\/\/api.w.org\/{rel}","templated":true}]}}