{"id":1650,"date":"2017-07-08T06:22:55","date_gmt":"2017-07-08T05:22:55","guid":{"rendered":"http:\/\/pugsada.org\/wordpress\/?page_id=1650"},"modified":"2017-07-14T00:33:36","modified_gmt":"2017-07-13T23:33:36","slug":"entreprenariat-feminin","status":"publish","type":"page","link":"https:\/\/pugsada.org\/wordpress\/entreprenariat-feminin\/","title":{"rendered":"Entreprenariat f\u00e9minin"},"content":{"rendered":"<p>Un des objectifs strat\u00e9giques de l\u2019ADEP est la lutte contre la pauvret\u00e9 dans le milieu des filles. Aussi s\u2019emploie-t-elle \u00e0 renforcer les capacit\u00e9s techniques et entrepreneuriales des filles afin qu\u2019elles puissent s\u2019ins\u00e9rer dans le tissu \u00e9conomique local et se prendre en charge au plan financier.<\/p>\n<p>Sur le plan pratique, des sessions de formations aux m\u00e9tiers traditionnels tels que la saponification, la couture et la transformation des produits alimentaires locaux sont organis\u00e9es. L\u2019ADEP s\u2019investit \u00e9galement dans la formation des filles \u00e0 des m\u00e9tiers non traditionnels notamment la m\u00e9canique deux roues, la t\u00f4lerie peinture, l\u2019\u00e9lectricit\u00e9 automobile, l\u2019\u00e9lectronique, etc. A ce niveau, l\u2019ADEP prend en charge les frais d\u2019inscription des filles dans les structures de formation et d\u2019apprentissage et les accompagne pour leur insertion dans la vie professionnelle \u00e0 travers la recherche de l\u2019emploi.<\/p>\n<p>Nos actions en mati\u00e8re entrepreneuriat f\u00e9minin :<\/p>\n<ul>\n<li>\n<div align=\"justify\"><strong>Appui\/accompagnement au d\u00e9veloppement d\u2019Activit\u00e9s G\u00e9n\u00e9ratrices de Revenus des filles\/femmes et des groupements f\u00e9minins<\/strong><\/div>\n<\/li>\n<li>\n<div align=\"justify\"><strong>Formation en entreprenariat des filles\/femmes<\/strong><\/div>\n<\/li>\n<li>\n<div align=\"justify\"><strong>Formation professionnelle des jeunes filles aux m\u00e9tiers non traditionnels comme la m\u00e9canique, la t\u00f4lerie peinture, l\u2019\u00e9lectronique, l\u2019\u00e9lectricit\u00e9 etc.<\/strong><\/div>\n<\/li>\n<\/ul>\n","protected":false},"excerpt":{"rendered":"<p>Un des objectifs strat\u00e9giques de l\u2019ADEP est la lutte contre la pauvret\u00e9 dans le milieu des filles. Aussi s\u2019emploie-t-elle \u00e0 renforcer les capacit\u00e9s techniques et entrepreneuriales des filles afin qu\u2019elles puissent s\u2019ins\u00e9rer dans le tissu \u00e9conomique local et se prendre en charge au plan financier. Sur le plan pratique, des sessions de formations aux m\u00e9tiers [&hellip;]<\/p>\n","protected":false},"author":1,"featured_media":0,"parent":0,"menu_order":0,"comment_status":"closed","ping_status":"closed","template":"","meta":[],"_links":{"self":[{"href":"https:\/\/pugsada.org\/wordpress\/wp-json\/wp\/v2\/pages\/1650"}],"collection":[{"href":"https:\/\/pugsada.org\/wordpress\/wp-json\/wp\/v2\/pages"}],"about":[{"href":"https:\/\/pugsada.org\/wordpress\/wp-json\/wp\/v2\/types\/page"}],"author":[{"embeddable":true,"href":"https:\/\/pugsada.org\/wordpress\/wp-json\/wp\/v2\/users\/1"}],"replies":[{"embeddable":true,"href":"https:\/\/pugsada.org\/wordpress\/wp-json\/wp\/v2\/comments?post=1650"}],"version-history":[{"count":3,"href":"https:\/\/pugsada.org\/wordpress\/wp-json\/wp\/v2\/pages\/1650\/revisions"}],"predecessor-version":[{"id":1740,"href":"https:\/\/pugsada.org\/wordpress\/wp-json\/wp\/v2\/pages\/1650\/revisions\/1740"}],"wp:attachment":[{"href":"https:\/\/pugsada.org\/wordpress\/wp-json\/wp\/v2\/media?parent=1650"}],"curies":[{"name":"wp","href":"https:\/\/api.w.org\/{rel}","templated":true}]}}